
Let r be (-1)/(-3*1/(-9)). Let f be -3 - (-348 - (6 + r)). Suppose -3*o = -3*h + 261, 0 = 4*h + 6*o - 2*o - f. Is h a prime number?
False
Suppose 3*r + 5*m - 4406 = 0, -3*m + 4*m = -3*r + 4426. Suppose -4*k = 3*k - r. Is k a composite number?
False
Suppose -67*v + 701 = -66*v. Is v a composite number?
False
Suppose -6*y + 8*y = 0. Suppose y = 5*f - f - 33160. Is f/25 + (-6)/10 a composite number?
False
Let v(h) = -826*h - 165. Is v(-14) a prime number?
True
Let f = 13133 + -3180. Is f a prime number?
False
Let c be (0/(2 - 3))/2. Suppose 5*d + 4*a - a - 2238 = c, 4*d - 3*a = 1785. Is d prime?
False
Let g = -45080 + 93727. Is g a composite number?
False
Let d(o) = -130*o**2 + 21*o + 20. Let g(w) = 43*w**2 - 7*w - 7. Let a(v) = -3*d(v) - 8*g(v). Let h(r) = 8*r + 69. Let c be h(-8). Is a(c) a prime number?
False
Suppose -u + 5*z = -5539, -2*u + 2*z + 2202 = -8876. Is u a prime number?
False
Suppose -5*b = 3*o - 70, -5*b + 0*b - 5*o + 70 = 0. Let i be ((-18)/21)/((-2)/b). Let d(l) = -l + 12. Is d(i) a prime number?
False
Let v(y) = y**3 + 16*y - 4. Is v(7) prime?
False
Let l = 46274 - 28057. Is l a composite number?
False
Let r(a) be the second derivative of -7*a**5/20 + a**4/4 + a**3 + 4*a**2 + 5*a. Let t be r(-4). Suppose 5*v + t = 4*x, x - 123 = -v + 3*v. Is x composite?
True
Suppose -4*z = -2*b + 13666 + 60832, 0 = -4*b - 3*z + 148996. Is b a composite number?
True
Suppose -k - 4*k = 10270. Let l = 2960 + k. Let p = 2057 - l. Is p composite?
False
Suppose 3*g - 40 = -g. Suppose 7*z = g*z - 15. Suppose -1226 = -z*s + 309. Is s a composite number?
False
Let a = -1452 + 2657. Is a a composite number?
True
Let x = 3492 - -619. Is x a composite number?
False
Let b be -21*(-2)/3*7. Let l be (5235/30)/(2/4). Let c = l - b. Is c prime?
True
Let h = 249 + -248. Let x(i) be the second derivative of 575*i**3/6 - i**2 - i. Is x(h) a composite number?
True
Let h(i) = -3*i - 13. Suppose 0 = -7*u + 11*u + 20. Let q be h(u). Is (263/q)/(5/10) composite?
False
Suppose -j + 48695 = 5*k - 6*j, -2*k + 19475 = -j. Suppose 11454 + k = 10*i. Is i prime?
False
Let b(g) = 28*g**2 - 31*g - 22. Is b(-11) a composite number?
True
Let o = -20 + 26. Let z be (-3)/o*0 - -2. Is (z - -38) + (-4 - -1) a prime number?
True
Suppose 3*v = 3*j + 1347, 0*v - j = -3*v + 1339. Suppose 4*h - v = 3*h. Is h a prime number?
False
Suppose 0*g = 4*g. Let a be (0/(-12))/(1 + g). Suppose -3*z + a*z = -1209. Is z a prime number?
False
Let p be (-3)/(-12)*4*2524. Let k = 4127 - p. Is k composite?
True
Let u(k) = -8*k**3 - 3*k**2 - 4*k + 3. Let b be u(3). Let l be (2 - -1)/(18/2622). Let r = b + l. Is r a composite number?
True
Suppose -2*j - 18 = -5*v, -5*v - 5*j - 10 = -0. Suppose 2*h = v + 2. Is (h - (2 + -2)) + 671 prime?
True
Let m be (-10)/(-4) - 2 - (-4903)/2. Let c = -717 + m. Is c a prime number?
False
Let n = 263 + -253. Suppose -114 = 5*d - 989. Suppose -n - d = -r. Is r a prime number?
False
Is 29/(-290) + 180582/20 a composite number?
False
Suppose 0*h - 13 = h. Let k(s) = -45*s + 11. Let p be k(h). Suppose 3*t - 7*t + p = 0. Is t prime?
True
Suppose d = 4*b + 217 + 134, b = 2*d - 674. Is d a composite number?
True
Let u = -15 + 35. Suppose 3*w = -w + u. Suppose 0 = 3*x - 3*p - 1581, -4*x - w*p = -5*x + 519. Is x a composite number?
True
Suppose -19*b + 209053 + 60234 = 0. Is b a composite number?
False
Let p be 3/4 + 254*(-474)/(-48). Suppose 2*r - p - 77 = 0. Is r a composite number?
True
Suppose 2*z + 10 = 3*a, -a - 5*z = -3*a + 14. Is a/(-7) - 6275/(-35) prime?
True
Let y = -5123 - -7242. Is y a composite number?
True
Suppose 0 = 9*c - 16 - 65. Suppose 0 = 2*q - c*q + 32837. Is q composite?
False
Is (68308 - -8)*1 + -1 + -4 prime?
True
Let k(d) be the second derivative of -d**5/20 + d**4/12 - d**3/6 + 521*d**2 + 3*d - 4. Is k(0) composite?
True
Let l be ((-4)/10)/((-2)/(-1150)). Let o = 351 - l. Is o prime?
False
Let q = 2504 + -760. Let a = -1011 + q. Is a a prime number?
True
Suppose -2*i = 2*h - 19838, 19862 = 2*i - 0*h - 4*h. Is i composite?
False
Suppose 4*i - 57454 = -2*y, 0 = -5*y - 3*i + 7*i + 143649. Is y a prime number?
True
Suppose -210*j + 7057 = -209*j. Is j prime?
True
Suppose 2*n = -z + 955, 2*n - z - 1895 = -2*n. Let k = n - 264. Is k a prime number?
True
Suppose 2*p + 2*p - 4*x - 13528 = 0, 5*p - 16955 = -4*x. Is p a composite number?
True
Suppose 2*g + 4 = -4*m, 4*g + 4*m = -9 + 1. Let w be g/6 - 48/(-9). Suppose 2*x - 2*a + w*a - 227 = 0, -2*a - 462 = -4*x. Is x composite?
True
Is (-84978)/90*-5 - (-1 - -1) a composite number?
False
Suppose -5*b - 19*p + 5451 = -23*p, -5*p - 20 = 0. Is b a composite number?
False
Is 97991 + (-12 - (6 - 6)) a composite number?
True
Let n(h) = -3*h - 7. Let j be n(-4). Suppose j*u - 1338 = -u. Is u composite?
False
Let p = -22295 + 34158. Is p prime?
True
Let k be (-2)/(-3)*-1 - (-260)/39. Suppose -k - 6 = -4*f, -5*f + 1651 = 4*q. Is q composite?
False
Let j(u) = u**2 - 5*u - 2. Let c be j(6). Suppose 2*v + 197 = 5*m + c*v, 0 = 3*m - 4*v - 113. Is m a prime number?
False
Let g(w) = -w - 15. Let m be g(-20). Suppose 5*q = 5*b - 3*b + 245, 193 = 4*q - b. Suppose 0 = -u + 2*u - 3*y - q, 10 = m*y. Is u a composite number?
False
Let b(y) = -64*y + 4. Let v be b(-2). Let w(g) = -g**3 + g + 3. Let i be w(-4). Let l = v - i. Is l composite?
True
Let c = 1 + 2. Let i(u) = c*u - 3*u + u**2 + 0*u + 19. Is i(0) a prime number?
True
Let i(d) = -134*d**3 - 4*d**2 + 4*d - 1. Is i(-3) a prime number?
False
Let h = -30 + 5. Let b be (4 + 1)*(-10)/h. Suppose -b*i + 80 = -26. Is i prime?
True
Let n(h) = h**2 + 20*h + 1. Is n(-26) a composite number?
False
Let x = -39 - -38. Let q(p) = -147*p**3 - 5*p**2 - 5*p - 1. Is q(x) prime?
False
Suppose b - 3*b + 42 = 0. Suppose -5*j + 541 = b. Let q = j - 57. Is q composite?
False
Suppose 0 = -s + 4*m, -2*s - m + 11 = 2*m. Suppose 4*j = s*g - 240, -2*g - 4*j + 256 = 2*g. Is g a prime number?
False
Let s(h) = -5*h**3 - 5*h**2 + 2*h + 7. Let t = 48 + -53. Is s(t) a prime number?
False
Suppose -7*p = -10*p - 3*l + 16254, -21627 = -4*p + 5*l. Is p a prime number?
True
Suppose 3*d + 2*l = 440810 + 93785, 4*d = 2*l + 712798. Is d prime?
False
Let p(q) be the second derivative of -5/6*q**3 + 2/3*q**4 - 3*q + 0 + 5/2*q**2. Is p(4) a composite number?
False
Suppose 12*b - 5352 = 9*b. Suppose 0 = -l + 2205 + b. Is l a prime number?
True
Suppose -4*d + 36 = -0*d. Let h = -37 + d. Is ((-14)/(-8))/((-1)/h) a composite number?
True
Let m(j) = -j**3 - 3*j**2 + 9*j + 6. Let b be m(-8). Suppose 9*w + b = 11*w. Is w a composite number?
False
Suppose -4*p - 3*v - 743 = 0, p - 3*p - 364 = 4*v. Let n = 14 + -41. Let i = n - p. Is i prime?
False
Let l = -48 - -52. Suppose -5*b - 4*q + 5893 = 0, l*b - 4709 = -5*q - 0*q. Is b a prime number?
True
Let v(x) = 9884*x**2 + x - 2. Is v(1) a composite number?
False
Let g(p) = -p**3 - 3*p**2 + p. Let a be g(-2). Let m(x) = x + 6. Let z be m(a). Suppose 5*o = z, 201 = 2*b + b - 3*o. Is b composite?
False
Let w(j) be the first derivative of j**4 - 2*j**3 - 4*j**2 + 9*j - 157. Let u(h) = 6*h**2 - h. Let a be u(1). Is w(a) prime?
False
Let g be (-4)/(-6) - (-10334)/6. Let p = 2558 - g. Is p a composite number?
True
Suppose 1277539 - 507699 = 40*v. Is v composite?
True
Let g be 5/(30/(-9))*2. Let r be g + -6 + 3 + 6. Suppose 3*b - 153 = -r*d + 3*d, 0 = 5*d - 20. Is b a composite number?
True
Let a(j) = 3*j + 15. Let t be a(-7). Is (-6)/9 + (-5434)/t a prime number?
False
Let h be ((-30)/9)/(4/(-6)). Suppose 40 = -0*a + h*a. Let n(k) = 2*k**2 - 7*k - 5. Is n(a) prime?
True
Let z = 48 + -55. Let a(f) = -3*f**3 - 9*f**2 - 8*f + 15. Is a(z) a prime number?
True
Suppose 8*g + 7060 = 12*g. Suppose 4*k - g - 199 = 0. Is k a composite number?
False
Let r(y) = -y**2 + y + 144. Let m be r(0). Is 3*6/9 + m a composite number?
True
Suppose 5*b - 38924 = b. Is b prime?
False
Suppose 12 = 3*u + 3. Let l be (-2)/(-8) + 52/(-16). Is u*257*(-1)/l prime?
True
Let c be (1 - 6/1)*(-135)/75. Is (-3)/c*((-3 - 6243) + 3) a prime number?
True
Let b(v) = 2*v**2 + 10*v + 10. Let a be b(-4). Is (1166/4)/((-2)/(-8)*a) composite?
True
Let y(r) = 2115*r**2. Let q be y(1). Let p = q - 758. Is p composite?
True
Suppose 2 = 2*x, -2*c = -3*c - 2*x + 139. Let g = 286 - c. Is g composite?
False
Suppose 10 = 5*u + 5*v, 4*